 be (1 - (2 + -4))*-3. Let m(x) = -2*x - 11. Calculate the remainder when 25 is divided by m(v).
4
Suppose -3*m = -3*x - 15, 5*x = -4 - 11. Suppose -m*k - 2*k = 0. Suppose -2*c = 3*c - 3*d - 160, k = 2*d. What is the remainder when c is divided by 11?
10
Suppose -45 = -0*l - 3*l. Calculate the remainder when l is divided by 9.
6
Suppose -5*b + 22 + 18 = 0. Suppose -4*s + 115 = s. What is the remainder when s is divided by b?
7
Suppose 7*g = 2*g + 50. Suppose 2*h + 23 = -5*d - 48, -5*d - 4*h = 77. Let i = d - -32. Calculate the remainder when i is divided by g.
9
Suppose 11*s - 8*s = 36. What is the remainder when 20 is divided by s?
8
Suppose -233 = -13*w + 40. Let m(a) = -12*a**3 + a + 1. Calculate the remainder when w is divided by m(-1).
9
Let z = 25 - 22. Calculate the remainder when 4 - -14*(-2 + z) is divided by (8/6)/(2/15).
8
Let z(a) = -a - 9. Suppose d - 3 = -2*x + 8, 5*d - 19 = -x. Calculate the remainder when z(-13) is divided by d.
1
Let r = -101 + 117. Calculate the remainder when 30 is divided by r.
14
Let h(s) be the second derivative of -4*s**3/3 + 3*s**2/2 + 6*s. Calculate the remainder when h(-6) is divided by 18.
15
Suppose 0 = -0*l + 4*l. Let m(i) = i**2 + i + 2. What is the remainder when 5 - (1 - 0 - 1) is divided by m(l)?
1
Let f = -9 - -8. What is the remainder when 37 is divided by 303/15 + f/5?
17
Suppose 0 = -2*y - 8 + 222. What is the remainder when y is divided by 12?
11
Let p(n) = -13*n - 73. Calculate the remainder when p(-11) is divided by 17 - -2*1/2.
16
Suppose 28 = -5*u - 17. Let c = 1 + 3. Calculate the remainder when (4 + u)*(1 - c) is divided by 8.
7
Suppose 0 = -3*w + 6*c - 5*c + 59, 5*c + 10 = 0. What is the remainder when 70 is divided by w?
13
Let s(j) = j**2 + 3*j. Let p = -1 - 4. Calculate the remainder when 96/4*(18/(-8))/(-3) is divided by s(p).
8
Let b = 247 - 245. Let j(n) = 7*n**3 - n. Let f be 2*1*(-2)/(-4). What is the remainder when j(f) is divided by b?
0
Let i(n) = 5*n - 3*n**3 - 6*n + 4*n**3 - 4*n**2 - 12. What is the remainder when 30 is divided by i(5)?
6
Let z(f) = -f**3 - 5*f - 9. Calculate the remainder when 17 is divided by z(-2).
8
Let d = 33 + -15. Suppose 2*w + 2*q - 98 = 0, 5*w - q + 0*q = 263. Calculate the remainder when w is divided by d.
16
Suppose 0*k + 69 = 3*k. Let b(d) = -d**2. Let g(m) = -3*m**2 + m - 3. Let f(p) = -5*b(p) + g(p). What is the remainder when k is divided by f(-3)?
11
Suppose -5*h + 593 = 98. Calculate the remainder when h is divided by 17.
14
Let b = 192 + -108. What is the remainder when b is divided by 29?
26
Suppose 0 = 26*p - 29*p + 39. Let x be ((-20)/(-1))/((-2)/(-5)). Suppose 2*n + 100 = 4*n - z, -n + 3*z = -x. What is the remainder when n is divided by p?
11
Let c(o) = -o**2 + 3*o. Let f(g) = -g**2 + 4*g. Let p(a) = -7*c(a) + 6*f(a). Let d = 4 - 8. What is the remainder when 11 is divided by p(d)?
3
Let b(y) = -y**3 + 9*y**2 + 12*y - 8. Calculate the remainder when 48/1 + 1*-2 is divided by b(10).
10
Let y(w) = w**2 - 3*w**3 + 3*w**2 - w + 3 + 4*w**3. Suppose u - 2*u = 4. What is the remainder when y(u) is divided by 3?
1
Suppose -2*s + 4*k = -0*s - 4, -s + 2 = k. Suppose 3 = -s*q + 29. Calculate the remainder when 49 is divided by q.
10
Let q(p) = -3 + p - 4*p - p + 2. Calculate the remainder when q(-3) is divided by 4.
3
Let a(t) = -t. Let m(s) = -s + 12. Let l(z) = 6*a(z) - m(z). Let j = -4 - 4. What is the remainder when l(j) is divided by 15?
13
Let w = 48 + -47. Calculate the remainder when 7 is divided by w.
0
Let w(u) be the first derivative of 5*u**2 - 3*u - 1. Calculate the remainder when w(2) is divided by 6.
5
Let s be 90/(-2)*(-55)/33. Let o = -54 + s. What is the remainder when 61 is divided by o?
19
Let o(h) = -h**3 + 4*h**2 + 2*h + 2. Suppose 5*j = 3*j + 10. Suppose 2 = -y + j. Calculate the remainder when o(y) is divided by 9.
8
Suppose -3*z + z = -40. Calculate the remainder when z is divided by 7.
6
Suppose 5*g - l - 35 = 11, -g + 2*l = -2. Calculate the remainder when 17 is divided by g.
7
Suppose -x + 0*x = -3. Suppose x*p - 172 = 47. Calculate the remainder when p is divided by 19.
16
Suppose 0 = b - 0 - 2. Suppose j + 19 = 6*j - s, b*j - 7 = s. What is the remainder when (-60)/(-8) - (-1)/(-2) is divided by j?
3
Let j(t) = t**3 + 7*t**2 - 4*t. Let m be j(-7). Let v = -20 + m. What is the remainder when 22 is divided by v?
6
Let k(r) = -12*r - 6. Calculate the remainder when 71 is divided by k(-2).
17
Suppose -4*o + 72 - 4 = 0. Calculate the remainder when 33 is divided by o.
16
Let c be ((-9)/(-4))/(9/264). Let o = c + -46. Let p(y) = -y**3 + 7*y**2 - 6*y + 7. What is the remainder when o is divided by p(6)?
6
Suppose 0 = 33*k - 39*k + 108. Suppose 3*p - 2*f = 165, 57 + 37 = 2*p + 4*f. What is the remainder when p is divided by k?
17
Let v(q) = -q**2 + 9*q + 5. Let f be v(9). Suppose 2*r = o + 8, -r + f = -o + 3. Calculate the remainder when 22 is divided by r.
4
Suppose 5*o = 5*d + 16 - 56, 64 = 5*d + o. What is the remainder when 34 is divided by d?
10
Let x = 11 + -7. Suppose -4*o + 7 = -5*n + 28, -3*n = o - 16. Suppose -4*u = -3*y + u + 37, -x*y = 3*u - o. What is the remainder when y is divided by 3?
1
Let l(f) = -f**3 - 11*f**2 - 12*f - 3. What is the remainder when 48 is divided by l(-10)?
14
What is the remainder when 65 is divided by -4 - (-18)/1 - -3?
14
Let j(s) = 2*s**3 + 4. Suppose -5*r + 104 = -91. What is the remainder when r is divided by j(2)?
19
Suppose 0*r = -3*u + 3*r + 33, -5*r - 25 = -3*u. Calculate the remainder when 72 is divided by u.
12
Let j = 31 - 13. What is the remainder when 105 is divided by j?
15
Let r(c) = 3*c + 23. Calculate the remainder when 145 is divided by r(9).
45
Let j(s) be the third derivative of -s**4/24 - s**3/6 - s**2. Let x be j(7). Let q = x + 12. Calculate the remainder when q is divided by 3.
1
Let f(b) = 2*b**2 + 41*b + 43. Let h = 7 - 1. Calculate the remainder when f(-20) is divided by h.
5
Suppose -6 = -5*d + 4. Suppose 2*h + 6 = -4*n + d, 8 = 4*h. Calculate the remainder when 27 is divided by 3 + n - 18/(-3).
6
Let q = -2 + 1. Suppose 0 = -4*j - 20, 4*j = 3*p + 7 - 30. What is the remainder when 2 - -2*q/2 is divided by p?
0
Suppose -2*z = -3*y + 7, -y + 3 + 0 = 0. Let w(v) = v**2 + 7*v - 11. Let j be w(-8). Let x(q) = q + 4. What is the remainder when z is divided by x(j)?
0
Let a(q) = q + 8. Let y(z) = -z - 15. Let i(u) = -11*a(u) - 6*y(u). Let b = -7 + 4. What is the remainder when i(b) is divided by 9?
8
Suppose -5*i = -20, k - 4*k - 3*i + 75 = 0. Calculate the remainder when 58 is divided by k.
16
Let m be (-18)/(-27) + (-176)/(-6). Suppose 0 = 3*o - 4*y - 3 - m, 15 = 3*o + 2*y. Calculate the remainder when o is divided by 3.
1
Let d be (1*(-3 - -1))/(-1). What is the remainder when 22 is divided by d/4*(-96)/(-4)?
10
Let b(h) = -92*h - 3. Let y(k) = 23*k + 1. Let v(u) = 2*b(u) + 9*y(u). Calculate the remainder when v(2) is divided by 13.
10
Let f = -19 + 28. What is the remainder when 17 is divided by f?
8
Let y(j) = 2*j**2 + 2*j + 4. Let m = -10 - -6. What is the remainder when y(m) is divided by 10?
8
Let q(y) = y**3 + 7*y**2 + 3*y + 10. Let j(x) = -2*x**3 - 15*x**2 - 5*x - 21. Let l(t) = -2*j(t) - 5*q(t). What is the remainder when 66 is divided by l(-5)?
15
What is the remainder when -4 + -9*26/(-3) is divided by 20?
14
Let o(l) = l**3 + 7*l**2 + 6*l - 4. Suppose 0 = 3*q - 46 + 13. Calculate the remainder when o(-4) is divided by q.
9
Suppose 0 = v - 2*i - 45, 3*i - 4*i + 192 = 5*v. What is the remainder when v is divided by (12/9)/((-2)/(-15))?
9
Let f = 18 + -7. Let r = 59 - 27. Calculate the remainder when r is divided by f.
10
Let n(s) = 2*s - 19. What is the remainder when 9 is divided by n(11)?
0
What is the remainder when 67 is divided by (-3 + 2)*2 - -16?
11
Let h(b) be the third derivative of 0*b + b**2 + 1/120*b**6 - 2/3*b**3 + 0 - 1/12*b**4 - 1/60*b**5. Calculate the remainder when 22 is divided by h(3).
6
Let h = 74 + -52. Calculate the remainder when 43 is divided by h.
21
Suppose 4*g + g = 0, 0 = 5*x - 3*g - 15. What is the remainder when (42/(-9) + x)*-9 is divided by 1 + 0 - (-9 - -2)?
7
Let u be 57 + (-3*2)/2. Suppose 0 = 3*a - u. What is the remainder when 70 is divided by a?
16
Let h(s) = -8*s - 16. What is the remainder when h(-8) is 